he greatest common divisor of 160 and u?
20
Suppose f + 14 = 2*f. Let t be -5 + (126 - 10/(4 - 6)). What is the highest common factor of t and f?
14
Suppose 0 = -4*t + 5*g + 25, 0 = t - 5*g + 14 - 39. Suppose t = -4*q + 288 + 724. What is the greatest common factor of q and 23?
23
Suppose 1232 = 3*p + 4*u, 27*u + 1222 = 3*p + 29*u. Calculate the greatest common divisor of 4 and p.
4
Let r = 75 - 114. Let p = -15 - r. Suppose 15 = 5*y - 15. What is the greatest common divisor of p and y?
6
Suppose -16*f + 5251 = -3869. Calculate the highest common divisor of 120 and f.
30
Let h(d) = -5*d. Let i be h(-4). Suppose l - 61 = 2*u + 69, 3*l = 5*u + 395. Calculate the highest common factor of i and l.
20
Suppose w = 3, -3*f + 3*w = -213 - 12. Calculate the highest common divisor of f and 338.
26
Let p(x) = -4*x**2 + 50*x - 17. Let a be p(12). Let o(z) = 20 + 55 - 12 - z. Let c be o(0). What is the highest common divisor of c and a?
7
Let a be (-88)/(-72) - (-4)/(-18). Let f be 10*((-12)/(-3) - a). Suppose 2*j = 25 - 1. What is the highest common divisor of f and j?
6
Suppose -5*x - 1740 = 5*c - 5535, -1515 = -2*c - 5*x. Suppose -10*q = -5*q - c. What is the greatest common factor of 19 and q?
19
Suppose -1970*n - 86 = -1972*n. Let p(b) = 44*b - 8. Let k be p(8). What is the highest common factor of n and k?
43
Let b(r) = -r**2 - r + 5. Let y be b(0). Let u(v) = 0 - y + 0 + 9*v**2. Let l be u(5). What is the greatest common divisor of 20 and l?
20
Suppose 26 = 4*i + 14. Suppose 0 = i*u - k - 67, -3*u + 3*k - 135 = -8*u. Calculate the greatest common divisor of 48 and u.
24
Suppose 0 = 2*r - y - 1028 + 430, y = 0. What is the greatest common factor of r and 26?
13
Let m be (-12)/42 + (-900)/(-14). What is the greatest common factor of m and 16?
16
Let s = 663 - 183. What is the highest common divisor of 60 and s?
60
Suppose -1237 - 7187 = -13*z. What is the highest common factor of z and 9?
9
Let w be -6*(-1)/((-4)/(-80)). Suppose -3*j - 2*j + w = 0. Suppose 3*z - j = z. Calculate the highest common factor of 6 and z.
6
Let n be (-15)/(-5) - (1 - 1/(-1)). Suppose f + 0 = n, 0 = -3*m - f + 34. Calculate the highest common divisor of 11 and m.
11
Suppose 5*c = -4*g + 51, 5*c + 0*g = -5*g + 55. Suppose c*l - 4*l = 36. Calculate the greatest common divisor of 36 and l.
12
Suppose 40 + 56 = -8*v. Let j = 27 + v. What is the highest common factor of j and 10?
5
Suppose 13*f = -10 - 16. Let z be 16/(f + 6) + 183. What is the greatest common divisor of 17 and z?
17
Let o be 403 - -1 - (-48 - -56). What is the highest common factor of o and 352?
44
Let j(o) = -o**3 + 7*o**2 + 6. Let a be j(7). Suppose -5*q - 5*b = -75, -3*q + q - 5*b = -39. Calculate the highest common factor of q and a.
6
Suppose 20*f - 505 = 615. Calculate the highest common divisor of 7 and f.
7
Let w(z) = 46*z**3 - z**2 + z + 2. Let p be w(3). Let d = p + -650. Suppose -d = -5*i + 2*i. What is the greatest common factor of i and 28?
28
Let x(j) = -4*j + 7. Let y(u) = -2*u - 1. Let s be y(1). Let q be x(s). Suppose 0*r - 171 = -r. What is the highest common divisor of q and r?
19
Suppose v + 5*w - 30 = -3, 3*v = -5*w + 31. Let x be -3 + v + 2 + (-6 - -7). What is the highest common factor of x and 14?
2
Let l be 208/(-12)*(-13)/((-260)/(-1890)). Calculate the greatest common divisor of 126 and l.
126
Let q = -1692 - -1713. Calculate the greatest common divisor of q and 42.
21
Let x = 13 - 10. Let k(m) = m**2 - 5*m + 4. Let b be k(x). Let f be (b - -1)*64/(-4). What is the highest common factor of 16 and f?
16
Suppose 0 = 2*v - 199 - 185. Let a be ((-12)/15)/((-8)/(-20)). Let h be a/(-3) + (-210)/(-9). Calculate the greatest common factor of v and h.
24
Let l be ((-184)/12)/(2/(-9)). What is the highest common divisor of l and 1311?
69
Suppose -315 = -5*d - 5*q, -3*d = -6*q + 10*q - 192. Calculate the highest common factor of d and 84.
12
Suppose -3870 - 12250 = -10*d. What is the highest common factor of d and 104?
52
Let r(a) = a**2 - 25*a + 110. Let j be r(5). What is the highest common divisor of j and 490?
10
Suppose 1 = f - 0*f, 4*f = -4*o + 244. Let p(d) = 2*d**2 + 7*d - 3. Let q be 73/(-15) - 10/75. Let s be p(q). What is the highest common divisor of s and o?
12
Suppose -j + 2*t = -395, -1463 = -4*j + 3*t + 107. Calculate the highest common factor of j and 115.
23
Suppose -3*b + 3*s + 114 = 0, 2*b = s - 0*s + 72. Suppose -n + 17 = -5*x, 5*x = -3*n + 3*x + b. What is the highest common factor of 108 and n?
12
Suppose -3*r - 77 - 84 = 4*z, -3*r - 47 = z. Let c = z + 12. Let w be (-3 - c/4)*6. What is the greatest common factor of w and 3?
3
Let v(f) = -f**2 + 51*f - 368. Let s be v(9). Let n be 2/(-7) + 72/7. Calculate the greatest common factor of s and n.
10
Let z = 45 - 60. Let q be z/2*(-42)/9. Calculate the highest common divisor of 5 and q.
5
Let l = 731 - 488. Suppose -u - 5*q + 40 = -41, 3*u - l = -5*q. Calculate the highest common factor of u and 9.
9
Suppose 0 = t - 4*c - 40, 3*t + 23 = 2*c + 183. Suppose 3*b = 7*b - t. Suppose -71 = -w + 41. What is the highest common factor of w and b?
14
Suppose 25*d + 952 = 7252. Calculate the highest common factor of d and 24.
12
Suppose 10*a - 588 = -188. What is the highest common divisor of 8 and a?
8
Let z(g) = -g + 1. Let q(d) = d**2 - 4*d - 16. Let m(u) = -q(u) + 2*z(u). Let h be m(0). Calculate the highest common divisor of 2 and h.
2
Let x = -70 + 126. Let z be (8 + -5)*(-16)/(-6). What is the greatest common factor of z and x?
8
Let x be (-15)/2*52/(-6). Let w be (x/(-39))/((-2)/72). What is the greatest common divisor of 24 and w?
12
Let d(o) = 8*o + 113. Let c be d(-12). What is the highest common divisor of c and 1?
1
Let r = 447 - 427. Suppose 2*t + g + 3*g - 216 = 0, g - 504 = -5*t. Calculate the greatest common divisor of t and r.
20
Let y be (-2 - -1) + (-39387)/(-57). What is the greatest common factor of y and 90?
30
Suppose -19*p - 2 = -21*p. Suppose -4*j - 20 = 0, -x - 5*j + p = 12. What is the highest common divisor of 154 and x?
14
Let l = 72 - -78. Suppose l = -8*o + 13*o. Calculate the greatest common factor of 15 and o.
15
Let r(x) = -2*x - 22. Let m be r(-8). Let v(h) = h + 18. Let q be v(m). What is the greatest common factor of 108 and q?
12
Let o be 50/(-15)*9/(-6). Suppose -5*x = -p - p - 112, 0 = -x - o*p + 17. Suppose 2*v - 22 = v. Calculate the greatest common factor of x and v.
22
Let l be ((-6)/4)/((-2)/264). Suppose 0 = 4*u + u + 65. Let n = u - -46. Calculate the greatest common factor of n and l.
33
Suppose -2*h - 11 = -5. Let r be 46/6 + 4/18*h. Let z be (56/6 + 0)*3. What is the highest common divisor of r and z?
7
Let q be (-3*(-4)/54)/(8/936). Calculate the highest common factor of q and 845.
13
Suppose 29*u = 17 + 157. What is the greatest common factor of u and 246?
6
Let c be 14/1 - 8/4. Suppose 3*z = 9 - 27. Let g be 166/7 + z/(-21). What is the greatest common factor of g and c?
12
Suppose -2 = -s + 3*n, 4*s - 45 = s - 4*n. Suppose s = 3*t - 19. Suppose -1394 + 294 = -10*o. Calculate the highest common divisor of o and t.
10
Suppose -108*z - 260 = -134*z. Let g = -6 - -26. What is the highest common divisor of z and g?
10
Let i = 46 - 46. Suppose 25 = 2*k + 4*o + 3, -k + 2*o + 7 = i. What is the highest common divisor of k and 1?
1
Let r(c) = -2*c + 2. Let d be r(-3). Suppose -2*w = -3*h + 28, -5*w + 19 + 1 = 0. Let a = -11 + h. What is the highest common factor of a and d?
1
Suppose -5*s = -5*j - 30, -30 = -s - 2*s - 3*j. Suppose -s*a - 42 = -10*a. Let v(i) = 104*i + 1. Let p be v(1). What is the highest common divisor of a and p?
21
Let c be (-3 + 5 + -3)*0. Let j be 120/2*(c - (-1)/1). What is the greatest common factor of 24 and j?
12
Suppose -46 - 125 = -9*n. Suppose 2*s = 3*k - s - 525, 2*k + 3*s = 330. Calculate the greatest common divisor of k and n.
19
Let r be -2 + (0 - -2) + 2. Let k(p) = -p**r - p + 3 - 11*p - 10. Let v be k(-9). What is the highest common divisor of 20 and v?
20
Suppose -q = 4*d - 57 + 3, 3*d + 293 = 5*q. Let u(j) = j**2 + 9*j - 12. Let x be u(-14). Calculate the greatest common divisor of x and q.
58
Suppose -w - 3 = -2*y - 6, -2*w + 2*y + 6 = 0. Suppose w*m - 6*m - 5*a = 185, -3*m = -4*a + 149. Let i = 159 + m. What is the highest common factor of 26 and i